[INFO] fetching crate json-codec 0.5.0...
[INFO] checking json-codec-0.5.0 against try#72f88fc4e9458f89516a0b8b0868f3718aec5b47 for pr-74989
[INFO] extracting crate json-codec 0.5.0 into /workspace/builds/worker-7/source
[INFO] validating manifest of crates.io crate json-codec 0.5.0 on toolchain 72f88fc4e9458f89516a0b8b0868f3718aec5b47
[INFO] running `Command { std: "/workspace/cargo-home/bin/cargo" "+72f88fc4e9458f89516a0b8b0868f3718aec5b47" "read-manifest" "--manifest-path" "Cargo.toml", kill_on_drop: false }`
[INFO] started tweaking crates.io crate json-codec 0.5.0
[INFO] finished tweaking crates.io crate json-codec 0.5.0
[INFO] tweaked toml for crates.io crate json-codec 0.5.0 written to /workspace/builds/worker-7/source/Cargo.toml
[INFO] running `Command { std: "/workspace/cargo-home/bin/cargo" "+72f88fc4e9458f89516a0b8b0868f3718aec5b47" "generate-lockfile" "--manifest-path" "Cargo.toml" "-Zno-index-update", kill_on_drop: false }`
[INFO] running `Command { std: "/workspace/cargo-home/bin/cargo" "+72f88fc4e9458f89516a0b8b0868f3718aec5b47" "fetch" "--locked" "--manifest-path" "Cargo.toml", kill_on_drop: false }`
[INFO] [stderr]  Downloading crates ...
[INFO] [stderr]   Downloaded quickcheck v0.9.2
[INFO] running `Command { std: "docker" "create" "-v" "/var/lib/crater-agent-workspace/builds/worker-7/target:/opt/rustwide/target:rw,Z" "-v" "/var/lib/crater-agent-workspace/builds/worker-7/source:/opt/rustwide/workdir:ro,Z" "-v" "/var/lib/crater-agent-workspace/cargo-home:/opt/rustwide/cargo-home:ro,Z" "-v" "/var/lib/crater-agent-workspace/rustup-home:/opt/rustwide/rustup-home:ro,Z" "-e" "SOURCE_DIR=/opt/rustwide/workdir" "-e" "CARGO_TARGET_DIR=/opt/rustwide/target" "-e" "CARGO_HOME=/opt/rustwide/cargo-home" "-e" "RUSTUP_HOME=/opt/rustwide/rustup-home" "-w" "/opt/rustwide/workdir" "-m" "1610612736" "--user" "0:0" "--network" "none" "rustops/crates-build-env@sha256:d92eaeed33fa75130ca1ee6c8a01d1ffb62bac859dfdfb3450e3e5d1c0146529" "/opt/rustwide/cargo-home/bin/cargo" "+72f88fc4e9458f89516a0b8b0868f3718aec5b47" "metadata" "--no-deps" "--format-version=1", kill_on_drop: false }`
[INFO] [stdout] 5b4f921739834bb2588a0e2ffa69808217c4bef0ebdfa96cae147d109fb2e322
[INFO] [stderr] WARNING: Your kernel does not support swap limit capabilities or the cgroup is not mounted. Memory limited without swap.
[INFO] running `Command { std: "docker" "start" "-a" "5b4f921739834bb2588a0e2ffa69808217c4bef0ebdfa96cae147d109fb2e322", kill_on_drop: false }`
[INFO] running `Command { std: "docker" "inspect" "5b4f921739834bb2588a0e2ffa69808217c4bef0ebdfa96cae147d109fb2e322", kill_on_drop: false }`
[INFO] running `Command { std: "docker" "rm" "-f" "5b4f921739834bb2588a0e2ffa69808217c4bef0ebdfa96cae147d109fb2e322", kill_on_drop: false }`
[INFO] [stdout] 5b4f921739834bb2588a0e2ffa69808217c4bef0ebdfa96cae147d109fb2e322
[INFO] running `Command { std: "docker" "create" "-v" "/var/lib/crater-agent-workspace/builds/worker-7/target:/opt/rustwide/target:rw,Z" "-v" "/var/lib/crater-agent-workspace/builds/worker-7/source:/opt/rustwide/workdir:ro,Z" "-v" "/var/lib/crater-agent-workspace/cargo-home:/opt/rustwide/cargo-home:ro,Z" "-v" "/var/lib/crater-agent-workspace/rustup-home:/opt/rustwide/rustup-home:ro,Z" "-e" "SOURCE_DIR=/opt/rustwide/workdir" "-e" "CARGO_TARGET_DIR=/opt/rustwide/target" "-e" "CARGO_INCREMENTAL=0" "-e" "RUST_BACKTRACE=full" "-e" "RUSTFLAGS=--cap-lints=forbid" "-e" "CARGO_HOME=/opt/rustwide/cargo-home" "-e" "RUSTUP_HOME=/opt/rustwide/rustup-home" "-w" "/opt/rustwide/workdir" "-m" "1610612736" "--user" "0:0" "--network" "none" "rustops/crates-build-env@sha256:d92eaeed33fa75130ca1ee6c8a01d1ffb62bac859dfdfb3450e3e5d1c0146529" "/opt/rustwide/cargo-home/bin/cargo" "+72f88fc4e9458f89516a0b8b0868f3718aec5b47" "check" "--frozen" "--all" "--all-targets" "--message-format=json", kill_on_drop: false }`
[INFO] [stdout] 56c36eb0ddbe933001614760a41ceaecc70c520f50e0c958bf44ae9abe8a25c0
[INFO] [stderr] WARNING: Your kernel does not support swap limit capabilities or the cgroup is not mounted. Memory limited without swap.
[INFO] running `Command { std: "docker" "start" "-a" "56c36eb0ddbe933001614760a41ceaecc70c520f50e0c958bf44ae9abe8a25c0", kill_on_drop: false }`
[INFO] [stderr]     Blocking waiting for file lock on package cache
[INFO] [stderr]    Compiling libc v0.2.77
[INFO] [stderr]    Compiling memchr v2.3.3
[INFO] [stderr]    Compiling getrandom v0.1.15
[INFO] [stderr]     Checking regex-syntax v0.6.18
[INFO] [stderr]     Checking ppv-lite86 v0.2.9
[INFO] [stderr]     Checking json-codec v0.5.0 (/opt/rustwide/workdir)
[INFO] [stderr]     Checking thread_local v1.0.1
[INFO] [stdout] warning: trait objects without an explicit `dyn` are deprecated
[INFO] [stdout]    --> src/utf8.rs:149:32
[INFO] [stdout]     |
[INFO] [stdout] 149 |     fn cause(&self) -> Option<&Error> {
[INFO] [stdout]     |                                ^^^^^ help: use `dyn`: `dyn Error`
[INFO] [stdout]     |
[INFO] [stdout]     = note: `#[warn(bare_trait_objects)]` on by default
[INFO] [stdout] 
[INFO] [stdout] 
[INFO] [stdout] warning: `...` range patterns are deprecated
[INFO] [stdout]    --> src/decoder.rs:325:17
[INFO] [stdout]     |
[INFO] [stdout] 325 |             '0' ... '9' | '-' => self.f64().map(Json::Number),
[INFO] [stdout]     |                 ^^^ help: use `..=` for an inclusive range
[INFO] [stdout]     |
[INFO] [stdout]     = note: `#[warn(ellipsis_inclusive_range_patterns)]` on by default
[INFO] [stdout] 
[INFO] [stdout] 
[INFO] [stdout] warning: `...` range patterns are deprecated
[INFO] [stdout]    --> src/decoder.rs:370:17
[INFO] [stdout]     |
[INFO] [stdout] 370 |             '0' ... '9' | '-' => self.f64().map(|_| ()),
[INFO] [stdout]     |                 ^^^ help: use `..=` for an inclusive range
[INFO] [stdout] 
[INFO] [stdout] 
[INFO] [stdout] warning: `...` range patterns are deprecated
[INFO] [stdout]    --> src/decoder.rs:405:20
[INFO] [stdout]     |
[INFO] [stdout] 405 |                 '0'...'9'|'.'|'e'|'E'|'+'|'-' => true,
[INFO] [stdout]     |                    ^^^ help: use `..=` for an inclusive range
[INFO] [stdout] 
[INFO] [stdout] 
[INFO] [stdout] warning: `...` range patterns are deprecated
[INFO] [stdout]    --> src/decoder.rs:490:41
[INFO] [stdout]     |
[INFO] [stdout] 490 | ...                   hi @ 0xD800 ... 0xDBFF => {
[INFO] [stdout]     |                                   ^^^ help: use `..=` for an inclusive range
[INFO] [stdout] 
[INFO] [stdout] 
[INFO] [stdout] warning: `...` range patterns are deprecated
[INFO] [stdout]    --> src/decoder.rs:499:36
[INFO] [stdout]     |
[INFO] [stdout] 499 | ...                   0xDC00 ... 0xDFFF => return Err(DecodeError::UnicodeEscape),
[INFO] [stdout]     |                              ^^^ help: use `..=` for an inclusive range
[INFO] [stdout] 
[INFO] [stdout] 
[INFO] [stdout] warning: trait objects without an explicit `dyn` are deprecated
[INFO] [stdout]    --> src/decoder.rs:733:15
[INFO] [stdout]     |
[INFO] [stdout] 733 |     Other(Box<Error + Send + Sync>)
[INFO] [stdout]     |               ^^^^^^^^^^^^^^^^^^^ help: use `dyn`: `dyn Error + Send + Sync`
[INFO] [stdout] 
[INFO] [stdout] 
[INFO] [stdout] warning: trait objects without an explicit `dyn` are deprecated
[INFO] [stdout]    --> src/decoder.rs:769:32
[INFO] [stdout]     |
[INFO] [stdout] 769 |     fn cause(&self) -> Option<&Error> {
[INFO] [stdout]     |                                ^^^^^ help: use `dyn`: `dyn Error`
[INFO] [stdout] 
[INFO] [stdout] 
[INFO] [stdout] warning: trait objects without an explicit `dyn` are deprecated
[INFO] [stdout]    --> src/encoder.rs:304:15
[INFO] [stdout]     |
[INFO] [stdout] 304 |     Other(Box<Error + Send + Sync>)
[INFO] [stdout]     |               ^^^^^^^^^^^^^^^^^^^ help: use `dyn`: `dyn Error + Send + Sync`
[INFO] [stdout] 
[INFO] [stdout] 
[INFO] [stdout] warning: trait objects without an explicit `dyn` are deprecated
[INFO] [stdout]    --> src/encoder.rs:328:32
[INFO] [stdout]     |
[INFO] [stdout] 328 |     fn cause(&self) -> Option<&Error> {
[INFO] [stdout]     |                                ^^^^^ help: use `dyn`: `dyn Error`
[INFO] [stdout] 
[INFO] [stdout] 
[INFO] [stdout] warning: `...` range patterns are deprecated
[INFO] [stdout]    --> src/encoder.rs:362:17
[INFO] [stdout]     |
[INFO] [stdout] 362 |             0x0 ... 0x9 => b'0' + x,
[INFO] [stdout]     |                 ^^^ help: use `..=` for an inclusive range
[INFO] [stdout] 
[INFO] [stdout] 
[INFO] [stdout] warning: `...` range patterns are deprecated
[INFO] [stdout]    --> src/encoder.rs:363:17
[INFO] [stdout]     |
[INFO] [stdout] 363 |             0xA ... 0xF => b'A' + x - 0xA,
[INFO] [stdout]     |                 ^^^ help: use `..=` for an inclusive range
[INFO] [stdout] 
[INFO] [stdout] 
[INFO] [stdout] warning: `...` range patterns are deprecated
[INFO] [stdout]    --> src/encoder.rs:404:27
[INFO] [stdout]     |
[INFO] [stdout] 404 |             Some(x@'\x00' ... '\x1F') | Some(x@'\x7F') => {
[INFO] [stdout]     |                           ^^^ help: use `..=` for an inclusive range
[INFO] [stdout] 
[INFO] [stdout] 
[INFO] [stdout] warning: 13 warnings emitted
[INFO] [stdout] 
[INFO] [stdout] 
[INFO] [stderr]     Checking aho-corasick v0.7.13
[INFO] [stderr]     Checking rand_core v0.5.1
[INFO] [stderr]     Checking rand_chacha v0.2.2
[INFO] [stderr]     Checking rand v0.7.3
[INFO] [stderr]     Checking regex v1.3.9
[INFO] [stderr]     Checking env_logger v0.7.1
[INFO] [stderr]     Checking quickcheck v0.9.2
[INFO] [stdout] warning: trait objects without an explicit `dyn` are deprecated
[INFO] [stdout]    --> src/utf8.rs:149:32
[INFO] [stdout]     |
[INFO] [stdout] 149 |     fn cause(&self) -> Option<&Error> {
[INFO] [stdout]     |                                ^^^^^ help: use `dyn`: `dyn Error`
[INFO] [stdout]     |
[INFO] [stdout]     = note: `#[warn(bare_trait_objects)]` on by default
[INFO] [stdout] 
[INFO] [stdout] 
[INFO] [stdout] warning: `...` range patterns are deprecated
[INFO] [stdout]    --> src/decoder.rs:325:17
[INFO] [stdout]     |
[INFO] [stdout] 325 |             '0' ... '9' | '-' => self.f64().map(Json::Number),
[INFO] [stdout]     |                 ^^^ help: use `..=` for an inclusive range
[INFO] [stdout]     |
[INFO] [stdout]     = note: `#[warn(ellipsis_inclusive_range_patterns)]` on by default
[INFO] [stdout] 
[INFO] [stdout] 
[INFO] [stdout] warning: `...` range patterns are deprecated
[INFO] [stdout]    --> src/decoder.rs:370:17
[INFO] [stdout]     |
[INFO] [stdout] 370 |             '0' ... '9' | '-' => self.f64().map(|_| ()),
[INFO] [stdout]     |                 ^^^ help: use `..=` for an inclusive range
[INFO] [stdout] 
[INFO] [stdout] 
[INFO] [stdout] warning: `...` range patterns are deprecated
[INFO] [stdout]    --> src/decoder.rs:405:20
[INFO] [stdout]     |
[INFO] [stdout] 405 |                 '0'...'9'|'.'|'e'|'E'|'+'|'-' => true,
[INFO] [stdout]     |                    ^^^ help: use `..=` for an inclusive range
[INFO] [stdout] 
[INFO] [stdout] 
[INFO] [stdout] warning: `...` range patterns are deprecated
[INFO] [stdout]    --> src/decoder.rs:490:41
[INFO] [stdout]     |
[INFO] [stdout] 490 | ...                   hi @ 0xD800 ... 0xDBFF => {
[INFO] [stdout]     |                                   ^^^ help: use `..=` for an inclusive range
[INFO] [stdout] 
[INFO] [stdout] 
[INFO] [stdout] warning: `...` range patterns are deprecated
[INFO] [stdout]    --> src/decoder.rs:499:36
[INFO] [stdout]     |
[INFO] [stdout] 499 | ...                   0xDC00 ... 0xDFFF => return Err(DecodeError::UnicodeEscape),
[INFO] [stdout]     |                              ^^^ help: use `..=` for an inclusive range
[INFO] [stdout] 
[INFO] [stdout] 
[INFO] [stdout] warning: trait objects without an explicit `dyn` are deprecated
[INFO] [stdout]    --> src/decoder.rs:733:15
[INFO] [stdout]     |
[INFO] [stdout] 733 |     Other(Box<Error + Send + Sync>)
[INFO] [stdout]     |               ^^^^^^^^^^^^^^^^^^^ help: use `dyn`: `dyn Error + Send + Sync`
[INFO] [stdout] 
[INFO] [stdout] 
[INFO] [stdout] warning: trait objects without an explicit `dyn` are deprecated
[INFO] [stdout]    --> src/decoder.rs:769:32
[INFO] [stdout]     |
[INFO] [stdout] 769 |     fn cause(&self) -> Option<&Error> {
[INFO] [stdout]     |                                ^^^^^ help: use `dyn`: `dyn Error`
[INFO] [stdout] 
[INFO] [stdout] 
[INFO] [stdout] warning: trait objects without an explicit `dyn` are deprecated
[INFO] [stdout]    --> src/encoder.rs:304:15
[INFO] [stdout]     |
[INFO] [stdout] 304 |     Other(Box<Error + Send + Sync>)
[INFO] [stdout]     |               ^^^^^^^^^^^^^^^^^^^ help: use `dyn`: `dyn Error + Send + Sync`
[INFO] [stdout] 
[INFO] [stdout] 
[INFO] [stdout] warning: trait objects without an explicit `dyn` are deprecated
[INFO] [stdout]    --> src/encoder.rs:328:32
[INFO] [stdout]     |
[INFO] [stdout] 328 |     fn cause(&self) -> Option<&Error> {
[INFO] [stdout]     |                                ^^^^^ help: use `dyn`: `dyn Error`
[INFO] [stdout] 
[INFO] [stdout] 
[INFO] [stdout] warning: `...` range patterns are deprecated
[INFO] [stdout]    --> src/encoder.rs:362:17
[INFO] [stdout]     |
[INFO] [stdout] 362 |             0x0 ... 0x9 => b'0' + x,
[INFO] [stdout]     |                 ^^^ help: use `..=` for an inclusive range
[INFO] [stdout] 
[INFO] [stdout] 
[INFO] [stdout] warning: `...` range patterns are deprecated
[INFO] [stdout]    --> src/encoder.rs:363:17
[INFO] [stdout]     |
[INFO] [stdout] 363 |             0xA ... 0xF => b'A' + x - 0xA,
[INFO] [stdout]     |                 ^^^ help: use `..=` for an inclusive range
[INFO] [stdout] 
[INFO] [stdout] 
[INFO] [stdout] warning: `...` range patterns are deprecated
[INFO] [stdout]    --> src/encoder.rs:404:27
[INFO] [stdout]     |
[INFO] [stdout] 404 |             Some(x@'\x00' ... '\x1F') | Some(x@'\x7F') => {
[INFO] [stdout]     |                           ^^^ help: use `..=` for an inclusive range
[INFO] [stdout] 
[INFO] [stdout] 
[INFO] [stdout] error[E0599]: no method named `gen_range` found for mutable reference `&mut G` in the current scope
[INFO] [stdout]    --> tests/properties.rs:132:13
[INFO] [stdout]     |
[INFO] [stdout] 132 |     match g.gen_range(1, 8) {
[INFO] [stdout]     |             ^^^^^^^^^ method not found in `&mut G`
[INFO] [stdout]     |
[INFO] [stdout]     = help: items from traits can only be used if the trait is in scope
[INFO] [stdout] help: the following trait is implemented but not in scope; perhaps add a `use` for it:
[INFO] [stdout]     |
[INFO] [stdout] 4   | use rand::Rng;
[INFO] [stdout]     |
[INFO] [stdout] 
[INFO] [stdout] 
[INFO] [stdout] error[E0599]: no method named `gen` found for mutable reference `&mut G` in the current scope
[INFO] [stdout]    --> tests/properties.rs:135:29
[INFO] [stdout]     |
[INFO] [stdout] 135 |         3 => Json::Number(g.gen()),
[INFO] [stdout]     |                             ^^^ method not found in `&mut G`
[INFO] [stdout]     |
[INFO] [stdout]     = help: items from traits can only be used if the trait is in scope
[INFO] [stdout] help: the following trait is implemented but not in scope; perhaps add a `use` for it:
[INFO] [stdout]     |
[INFO] [stdout] 4   | use rand::Rng;
[INFO] [stdout]     |
[INFO] [stdout] 
[INFO] [stdout] 
[INFO] [stdout] error[E0599]: no method named `gen_range` found for mutable reference `&mut G` in the current scope
[INFO] [stdout]    --> tests/properties.rs:154:21
[INFO] [stdout]     |
[INFO] [stdout] 154 |     let     len = g.gen_range(0, 64);
[INFO] [stdout]     |                     ^^^^^^^^^ method not found in `&mut G`
[INFO] [stdout]     |
[INFO] [stdout]     = help: items from traits can only be used if the trait is in scope
[INFO] [stdout] help: the following trait is implemented but not in scope; perhaps add a `use` for it:
[INFO] [stdout]     |
[INFO] [stdout] 4   | use rand::Rng;
[INFO] [stdout]     |
[INFO] [stdout] 
[INFO] [stdout] 
[INFO] [stdout] error[E0599]: no method named `gen_range` found for mutable reference `&mut G` in the current scope
[INFO] [stdout]    --> tests/properties.rs:163:21
[INFO] [stdout]     |
[INFO] [stdout] 163 |     let     len = g.gen_range(0, 64);
[INFO] [stdout]     |                     ^^^^^^^^^ method not found in `&mut G`
[INFO] [stdout]     |
[INFO] [stdout]     = help: items from traits can only be used if the trait is in scope
[INFO] [stdout] help: the following trait is implemented but not in scope; perhaps add a `use` for it:
[INFO] [stdout]     |
[INFO] [stdout] 4   | use rand::Rng;
[INFO] [stdout]     |
[INFO] [stdout] 
[INFO] [stdout] 
[INFO] [stdout] error: aborting due to 4 previous errors
[INFO] [stdout] 
[INFO] [stdout] 
[INFO] [stdout] For more information about this error, try `rustc --explain E0599`.
[INFO] [stdout] 
[INFO] [stderr] error: could not compile `json-codec`.
[INFO] [stderr] 
[INFO] [stderr] To learn more, run the command again with --verbose.
[INFO] [stderr] warning: build failed, waiting for other jobs to finish...
[INFO] [stdout] warning: 13 warnings emitted
[INFO] [stdout] 
[INFO] [stdout] 
[INFO] [stderr] error: build failed
[INFO] running `Command { std: "docker" "inspect" "56c36eb0ddbe933001614760a41ceaecc70c520f50e0c958bf44ae9abe8a25c0", kill_on_drop: false }`
[INFO] running `Command { std: "docker" "rm" "-f" "56c36eb0ddbe933001614760a41ceaecc70c520f50e0c958bf44ae9abe8a25c0", kill_on_drop: false }`
[INFO] [stdout] 56c36eb0ddbe933001614760a41ceaecc70c520f50e0c958bf44ae9abe8a25c0
